?
53
What is the remainder when 6763 is divided by 3371?
21
What is the remainder when 40641 is divided by 1015?
41
Calculate the remainder when 185525 is divided by 133.
123
What is the remainder when 816 is divided by 40?
16
What is the remainder when 8727 is divided by 2904?
15
What is the remainder when 188846 is divided by 50?
46
What is the remainder when 20774 is divided by 45?
29
Calculate the remainder when 2849800 is divided by 449.
446
What is the remainder when 10223 is divided by 5100?
23
What is the remainder when 500139 is divided by 17?
16
What is the remainder when 120386 is divided by 60192?
2
Calculate the remainder when 4074 is divided by 269.
39
What is the remainder when 270571 is divided by 760?
11
Calculate the remainder when 46300 is divided by 12.
4
Calculate the remainder when 172451 is divided by 19161.
2
Calculate the remainder when 314079 is divided by 10469.
9
What is the remainder when 2042 is divided by 996?
50
Calculate the remainder when 728545 is divided by 186.
169
Calculate the remainder when 1000 is divided by 483.
34
Calculate the remainder when 337760 is divided by 18.
8
What is the remainder when 16966 is divided by 162?
118
What is the remainder when 11802 is divided by 37?
36
Calculate the remainder when 291177 is divided by 115.
112
Calculate the remainder when 36502 is divided by 12160.
22
Calculate the remainder when 14185 is divided by 3.
1
Calculate the remainder when 51276 is divided by 166.
148
What is the remainder when 3242 is divided by 237?
161
Calculate the remainder when 5649 is divided by 706.
1
Calculate the remainder when 4009 is divided by 237.
217
Calculate the remainder when 4985 is divided by 49.
36
What is the remainder when 4119 is divided by 10?
9
What is the remainder when 48236 is divided by 69?
5
Calculate the remainder when 60851 is divided by 33.
32
What is the remainder when 13549 is divided by 176?
173
What is the remainder when 1489 is divided by 17?
10
What is the remainder when 124382 is divided by 14?
6
What is the remainder when 6124 is divided by 1941?
301
What is the remainder when 1793 is divided by 274?
149
Calculate the remainder when 20637 is divided by 127.
63
Calculate the remainder when 1893741 is divided by 59179.
13
What is the remainder when 67 is divided by 26?
15
What is the remainder when 7040 is divided by 6985?
55
Calculate the remainder when 7596 is divided by 3784.
28
What is the remainder when 8320 is divided by 2770?
10
What is the remainder when 1330 is divided by 455?
420
Calculate the remainder when 397726 is divided by 19.
18
What is the remainder when 41578 is divided by 501?
496
Calculate the remainder when 3925 is divided by 3913.
12
Calculate the remainder when 845773 is divided by 225.
223
What is the remainder when 7363 is divided by 16?
3
What is the remainder when 7431 is divided by 551?
268
Calculate the remainder when 73519 is divided by 20.
19
What is the remainder when 4360 is divided by 855?
85
What is the remainder when 183007 is divided by 4?
3
Calculate the remainder when 3791 is divided by 980.
851
What is the remainder when 15728 is divided by 15?
8
Calculate the remainder when 1613 is divided by 1583.
30
What is the remainder when 6816 is divided by 36?
12
What is the remainder when 60408 is divided by 207?
171
What is the remainder when 1100 is divided by 249?
104
What is the remainder when 66885 is divided by 71?
3
What is the remainder when 212778 is divided by 57?
54
What is the remainder when 23002 is divided by 32?
26
Calculate the remainder when 1400 is divided by 314.
144
What is the remainder when 2874 is divided by 604?
458
Calculate the remainder when 15519 is divided by 16.
15
Calculate the remainder when 119459 is divided by 60.
59
Calculate the remainder when 2230 is divided by 1109.
12
Calculate the remainder when 1349 is divided by 149.
8
Calculate the remainder when 5162 is divided by 198.
14
Calculate the remainder when 52843 is divided by 292.
283
What is the remainder when 1959 is divided by 218?
215
Calculate the remainder when 892 is divided by 44.
12
What is the remainder when 1334422 is divided by 779?
774
Calculate the remainder when 18508 is divided by 308.
28
Calculate the remainder when 1630 is divided by 1271.
359
Calculate the remainder when 24737 is divided by 4120.
17
Calculate the remainder when 2766 is divided by 1374.
18
What is the remainder when 31771 is divided by 32?
27
What is the remainder when 38711 is divided by 12862?
125
Calculate the remainder when 43957 is divided by 234.
199
What is the remainder when 337834 is divided by 67561?
29
What is the remainder when 182491 is divided by 243?
241
Calculate the remainder when 7357 is divided by 1304.
837
What is the remainder when 8666 is divided by 89?
33
Calculate the remainder when 9920 is divided by 62.
0
Calculate the remainder when 152 is divided by 44.
20
Calculate the remainder when 1972 is divided by 875.
222
What is the remainder when 901 is divided by 158?
111
What is the remainder when 54002 is divided by 1317?
5
What is the remainder when 1444152 is divided by 2069?
2059
Calculate the remainder when 27979 is divided by 231.
28
Calculate the remainder when 22690 is divided by 4522.
80
Calculate the remainder when 3696 is divided by 72.
24
Calculate the remainder when 2975 is divided by 334.
303
Calculate the remainder when 5216 is divided by 2.
0
Calculate the remainder when 175768 is divided by 4394.
8
Calculate the remainder when 3389 is divided by 301.
78
Calculate the remainder when 3053 is divided by 24.
5
Calculate the remainder when 34103 is divided by 8366.
639
Calculate the remainder when 15211 is divided by 2.
1
Calculate the remainder when 660155 is divided by 202.
19
What is the remainder when 20431 is divided by 95?
6
What is the remainder when 7526 is divided by 92?
74
What is the remainder when 251397 is divided by 304?
293
Calculate the remainder when 6465 is divided by 11.
8
What is the remainder when 4259 is divided by 88?
35
Calculate the remainder when 22340 is divided by 33.
32
Calculate the remainder when 39036 is divided by 40.
36
What is the remainder when 311998 is divided by 77?
71
Calculate the remainder when 10832 is divided by 200.
32
What is the remainder when 58533 is divided by 7?
6
What is the remainder when 854314 is divided by 539?
538
What is the remainder when 110194 is divided by 543?
508
Calculate the remainder when 24256 is divided by 39.
37
Calculate the remainder when 32797 is divided by 36.
1
What is the remainder when 67970 is divided by 13587?
35
Calculate the remainder when 11966 is divided by 1968.
158
Calculate the remainder when 5651 is divided by 804.
23
What is the remainder when 702487 is divided by 464?
455
Calculate the remainder when 362773 is divided by 10077.
1
What is the remainder when 21650 is divided by 7213?
11
What is the remainder when 4202 is divided by 681?
116
What is the remainder when 199784 is divided by 33296?
8
What is the remainder when 11575 is divided by 2?
1
Calculate the remainder when 3629 is divided by 2827.
802
Calculate the remainder when 4352 is divided by 99.
95
Calculate the remainder when 532219 is divided by 89.
88
What is the remainder when 9817 is divided by 247?
184
Calculate the remainder when 8837 is divided by 20.
17
What is the remainder when 12188 is divided by 58?
8
What is the remainder when 171017 is divided by 10?
7
Calculate the remainder when 2629 is divided by 766.
331
What is the remainder when 6348 is divided by 49?
27
What is the remainder when 769289 is divided by 282?
275
What is the remainder when 70972 is divided by 16?
12
Calculate the remainder when 5406 is divided by 418.
390
What is the remainder when 47657 is divided by 338?
337
What is the remainder when 14489 is divided by 716?
169
Calculate the remainder when 2379894 is divided by 117.
114
What is the remainder when 42381 is divided by 256?
141
Calculate the remainder when 495964 is divided by 99192.
4
Calculate the remainder when 36709 is divided by 54.
43
What is the remainder when 451913 is divided by 420?
413
Calculate the remainder when 223680 is divided by 2981.
105
Calculate the remainder when 11071 is divided by 25.
21
What is the remainder when 5